35.
35
Evaluate -228052 + 228136 - (1 + -10 - (0 - (-1 + -1))).
95
What is 19 - -5 - (-18 - -43)?
-1
Evaluate 15 + -5 + 4 - 35.
-21
What is the value of (-5 - -14) + -46 - -20?
-17
Evaluate 1 - -51 - 0 - (1 - (206 - 208)).
49
What is the value of -8 - (0 + -9 + (-186 - -184) + -3)?
6
Evaluate (2 - (-31 + 25 + 19)) + -7.
-18
Evaluate 278 + -291 + (9 - -6).
2
Calculate -85 - (-6 - (7 + 1 + -42 + (3 - -36))).
-74
Calculate (-20 - -3 - -29) + 0 + (-22 - 8).
-18
(0 + -43 - (-265 - -236)) + -52
-66
Evaluate 2 + 2 + 91 + 17738 + -17711.
122
18 - (-82 + 64 + 98 + -5)
-57
Calculate -19 + (16 - 7) - -18 - (31 + -18).
-5
Calculate (4 + -10 + 4 - 8) + 82 + (-36 - -19).
55
(-18 - -14) + (-15 - (-56 + (14 - 12)))
35
((-6 - -8) + -125 - (10 + (20 - 40))) + 10
-103
-150 - (-61 - (-4 + -10 - 11))
-114
What is 2 - (-7 + 2) - (72 + -74) - (-99 - -47)?
61
Evaluate (5 + 91 - 19) + 1 - (10 + 6).
62
What is the value of 20 + (8 - 8) + -2 + (-6 - -6 - -8)?
26
What is (-15 + 6 + -38 - -13) + 0 + -4?
-38
What is the value of -6 + -8 + 14 + -16 - -23?
7
What is the value of 97 + -13 + 16 + -18 + (-4 - -1) + -7?
72
What is 29 + (21 - 27) + -59?
-36
Calculate (2 + -18 - 1) + -1 + (5924 - 5817).
89
What is -94 + 54 - -2 - 6?
-44
What is 2 + -41 + -1 + 1 - (1066 + -1074)?
-31
-148 + (19 - (21 - (9 + -27 - -42)))
-126
-6 - (24 + -42 + -13 - (2 - -4))
31
(64 - 8 - 6) + -11
39
Calculate -1 + 29 + 11 + (1 - 8) + -10.
22
3 + 3 + -1 + -3 + 539 + -525 - -17
33
Calculate (-54 + 175 - 69) + -121.
-69
What is -1 + 13 + 361 + -327 - -34?
80
Evaluate 60 + 29 + -42 - (54 + 93).
-100
What is the value of -39 - (-2424 + 2417 + (18 - (1 - 2)) + 1)?
-52
73 - (41 + 40 + -32)
24
What is the value of (-4 - -19 - 8 - (4 - 10)) + -36?
-23
Calculate 12 - ((-81 - 48 - -63) + (3 - 1)).
76
145 + (-50 + -70 - -15)
40
What is -1 - -2 - (-94 + -23 + -22 + 70)?
70
What is (-43947 - -44065) + 12 + (0 - (4 - 2))?
128
Evaluate 9 + 74 + -26 - 47.
10
Evaluate -52 - (-106 - -18 - -87).
-51
Calculate -58 + 93 + 6 - ((-1 - -1) + -6).
47
Evaluate 1532 - 1532 - (103 + 5).
-108
Evaluate -22 - (-56 + 32) - -4 - (-59 + -3 + 2).
66
What is -30 + 11 + 22 + (12 + -5 - -33)?
43
Evaluate -46 + 70 + 1 + -64.
-39
What is -49 + (-2 - (-40 + 16)) + -16?
-43
(17 - (0 + (2 - 4))) + 19 + -19
19
What is the value of (8 - (7 - (-4 + 5))) + 7 + -28 - -4?
-15
What is the value of (-23 + 11 - -71) + 9 + -4 + 5 + -10?
59
(-101 - (25 + 48)) + 47
-127
What is (-4 + 3 - (22 + -36 + -1)) + -40?
-26
What is the value of 1 + -5 - (-17 + 6 - -6)?
1
(-7 - (-4 - -6)) + (11 - (-17 - -4)) + 1
16
11 + (-19 - (3 + -5)) + (-635 - -656)
15
What is 30 - 81 - (-10 - (-4 - -2) - -22)?
-65
Evaluate (105 - 79) + (-3 - 2) + -1.
20
-6 + -1 - (5 - 4) - (27 - (-291 + 418))
92
Evaluate -5 + -15 + 15 + -8 + (6 - 1 - -87).
79
Evaluate -28 + (-6 - -65) + -75 + 34.
-10
-7 + -47 + 58 - (-1 - (0 + -1))
4
Calculate (21 - 2 - (10 - 1)) + 92 + 5 - 14.
93
Calculate (36 - (-1 - (4 + -32))) + 18.
27
-2 + (-31 + 54 + -26 - (-4 + 33 + -4))
-30
Evaluate -66 + -4 - -40 - 40.
-70
(3 - -4) + -754 + 760 - (0 - 0)
13
Evaluate (-108 - -129) + (1 + (0 - -5 - 2) - 1).
24
What is 36 + (26 + -8 - (111 - -7))?
-64
Evaluate -17 + (92 - 94) + (5 - 21) + -4.
-39
Evaluate (-5 + 1 - 91) + (-19 + -8 - -41) - -6.
-75
Calculate -91 + 51 - (-42 - 30).
32
What is (49 - (18 + 25 + -48) - 12) + 14?
56
55 - (25 + -39 + -5) - (0 + 15)
59
(17 + -6 + -6 - 22) + -72 + 81
-8
What is 0 + 1 + 1 + 8 - (138 - (34 - -92))?
-2
(2 + -8 - ((-32 - 8) + 36)) + 12 + -74
-64
What is 1 + (2 - 1) - (-30 - -46 - -11)?
-25
What is -9 + ((-3 - 2 - 21) + -1 - (-8 - 1))?
-27
What is the value of (-7 - 11) + -111 - -9 - (7 - (4 + 1))?
-122
Evaluate (-3278 - -3248) + (29 - -2).
1
Evaluate 45 + 9 - -2 - (-20 - 0) - (1 + -3).
78
-10 - -1 - (-17 + 15 + (12 - 14))
-5
2 - -81 - ((-32 - 30) + 89)
56
Evaluate -129 + 132 - 121 - -150.
32
What is -31 + (8 - -18) - (0 - (-1 - 6 - -51))?
39
What is -413 + 497 - (3 - 0)?
81
Calculate -1 - -85 - (1170 + -1099).
13
Evaluate 5 + 12 + -11 + -19 + 6 - -17.
10
What is 74 + 0 + (-10 + (-10 - -12) - (-8 - -3))?
71
What is -37 - ((-15 - -21) + -11 - ((-1 - 3) + -4))?
-40
Calculate -33 + (34 - 12 - 29 - (3 + -6 + -4)).
-33
Calculate (67 - 45) + 5 + -70 + -7.
-50
Calculate -5 + -76 + 3 + -14 + 2 + 18.
-72
What is the value of (3093 - 2946) + (-5 - 195)?
-53
-14 - (12 - 15) - (5 + -3 + -14)
1
What is the value of -148474 - -148565 - (2 + -1 + (0 - 0) - -2)?
88
Calculate 24 - (0 + -14 - (-259 - -266)).
45
Evaluate (-53 - -20) + -7 - -63.
23
-12 + 10 + 111 + -103 + -6
0
Evaluate -37 - -85 - 61 - -26.
13
What is (-1 - 4) + (10 - (-30 - -19)) + -6?
10
Calculate -19 + (-17 + (2 - -29) - 0).
-5
1 - 12 - (17 - 49) - 11
10
Evaluate ((2 - -2) + 4 + 3 - (-14 - -17)) + -31.
-23
Evaluate (8 - (8 - 21)) + (332 - 346).
7
Evaluate -8 + 7 + 34 + (38 + -40 - (-8 + -1)).
40
Calculate 37 + -117 - -140 - (3 - (-10 + 1) - 2).
50
Calculate (0 + 21 - -22 - 57) + -28.
-42
Evaluate -1 + 19 + -22 - -49.
45
Evaluate (20 - 6) + -26 - (-51 - -100).
-61
What is -1 + 10 + 2 + -1 + (-69 - (71 - 113))?
-17
What is the value of (1 - -10) + ((91 - 67) + -4 + -41 - -24)?
14
What is the value of 12 + -32 + -23 + 12?
-31
What is 9 + 40 - (44 + -16)?
21
Calculate -22 + -136 + 140 + (38 - 0) + 7 + 1.
28
-53 + 73 + 22 + -67
-25
(-91 - (-57 + 50)) + 61
-23
What is the value of -429 + 673 + (-141 - -21)?
124
Calculate -7 + -5 + -7 + (-2 - -19) + (27 - 25).
0
-14 + (20 - -16) + -7 + -37
-22
Calculate -15 + (74 - 14) + (-39 - -30).
36
Evaluate 93 - ((191 - 217) + 0 + 51).
68
What is the value of -3 - (-18 + -2 - (-21 - 1))?
-5
Calculate 38 + -42 + -62 + 28.
-38
What is -65 - ((2 - -15) + -29)?
-53
What is -72 + (22 + -27 - (-3 + -26))?
-48
44 + 113 + -38 + -133
-14
Evaluate (9 - 8) + -12 - (19 - -2 - -8).
-40
(12 - (42 + -44 + 32 + -3) - -20) + -58
-53
Calculate (6 - 1 - 7) + (935 - 845).
88
What is 18 + -31 - (-7 - -10 - -2)?
-18
What is the value of -9 - -3 - (-16 + 15) - (2 + 3 + -4)?
-6
What is the value of 6 + -3 - 16 - (-843 + 837)?
-7
What is the value of -113 + 4 - (6 + 43 + -44) - -20?
-94
Calculate -9 - (-15 - ((7 - -11) + -40)).
-16
-6 + 2 + 2 - (159 + -142 + (1 - 0))
-20
What is the value of 5 - (36 + (45 - 122))?
46
What is (20 - 131 - -59) + 23?
-29
What is (1 + 0 - 2) + 76 + (76 - 30)?
121
Evaluate -17 + 35 + 5 + (0 - 38) - 72.
-87
Evaluate -342 + (104 - -28) + 101.
-109
Calculate -16 + 2 + -2 - (-87 + (49 - -243 - 86)).
-135
What is the value of -41 + (65 - 136) - -108?
-4
What is the value of 5 - (32 - -5) - 3 - (100 + -109)?
-26
What is -21 + 4 + -3 + (31 - 12) + (29 - -1)?
29
Evaluate 27 + (-75 - -94) - 46.
0
Calculate 11 - (15 - (-1 + 3 + 13 + -23)).
-12
(-54 - -61) + (9 - (-6 - -26)) + -98
-102
What is the value of -57 + 76 + -13 + (1 - -24)?
31
What is (57 - 143) + 44 - -21?
-21
What is -6 - (14 - 4 - 32) - 15?
1
-3 + 18 + 1 + -10 - (59 + -7)
-46
Evaluate 14 - (-364 + 394 + -66 + 1).
49
Calculate (1 + 5 - 6) + 33 + -54 + -29.
-50
What is -88 - -9 - (-13 + 3 + 0 + -7)?
-62
16 + 8 - (307 - 211)
-72
Calculate -7 + (53 - 33) + (0 - -13).
26
(-44 - -55 - (2 + 9 + -8)) + -2 + 51
57
What is -44009 - -44016 - ((3 - 1) + 53)?
-48
Calculate (-6 - -4 - 1) + (-24 - 26) + (-14 - -11).
-56
Evaluate (-2 - 0 - 0 - 12) + 35 + -113 + -20.
-112
Calculate (-2 + 14 - (18 - 2)) + 8 + -24.
-20
What is -43 + 102 + -67 + -32 + 0 + -2?
-42
Evaluate 16 + 16 + -33 - (5 + -13 - 80).
87
-3 - 71 - (-3 - 28) - -28
-15
Evaluate 20 + (-135 - -142) + -20 + -1.
6
What is -81 - -2 - (1160 + -1164)?
-75
Evaluate 22 + -56 - (51 - 45).
-40
What is (3 - (20 + (-56 - -27))) + -104?
-92
What is the value of (-172 + 77 - -66) + 90?
61
-152 - (-121 - (87 - 72))
-16
Evaluate -8 + -9 + 49 + (-9 - 3).
20
Calculate (72 - (-16 - -35)) + -75.
-22
Calculate -8 + 0 + 11 - -11 - 6.
8
What is 32 + 14 - 61 - -33?
18
-1 + -48 + (-759 - -783) - 27
-52
-399 - -350 - (1 + -5)
-45
What is 40 + 41 + -13 + -51?
17
Calculate 69 - (22 + (126 - 101)).
22
Evaluate (-11 - -29) + 10 - -9.
37
Calculate -4 + -8 - 0 - (0 + -1) - 0.
-11
Evaluate 25 + -6 + (16 - -8) + -4.
39
-3 + (-1 - (-5 + 5)) - (-166 + 164)
-2
Evaluate 55 + -92 - -16 - -45.
24
What is the value of 4 + (17 - -98 - 200)?
-81
Calculate -18 + -6 + (25 + 16 - 4).
13
Calculate 88 + -47 + 0 + 11 + (-17 - 7) + 3.
31
-91 + 9